{"id":46,"date":"2014-12-17T19:10:14","date_gmt":"2014-12-17T17:10:14","guid":{"rendered":"http:\/\/www.alfred-frey.ch\/wordpress\/?page_id=46"},"modified":"2019-01-17T10:42:20","modified_gmt":"2019-01-17T08:42:20","slug":"geschichte","status":"publish","type":"page","link":"https:\/\/alfred-frey.ch\/?page_id=46","title":{"rendered":"Geschichte"},"content":{"rendered":"<p><strong>ca.1880<\/strong><br \/>\nVerl\u00e4ssliche Daten gehen bis ins Jahr 1880 zur\u00fcck.<\/p>\n<p><strong>1894<\/strong><br \/>\nBurkhard Frey und Jakob Gauer kauften im Jahre 1894 von der Firma Jahn &amp; Zogg in Gatina, Azmoos einen kleinen S\u00e4gereibetrieb. Burkhard Frey Jg. 1857 war der Urgrossvater von Alfred Frey Jg. 1964<\/p>\n<p><strong>1926<\/strong><br \/>\nDas Unternehmen ging 1926 an Jakob Frey Jg. 1892, Sohn des Burkhard Frey als Alleininhaber \u00fcber.<br \/>\nEr betrieb eine S\u00e4gerei mit Einfachgang. Die S\u00e4ge wurde mit einer Wasserturbine angetrieben, wobei die Kraft \u00fcber ein Vorgelege und Riemen zur Maschine kam.<br \/>\nAnfang der 40er Jahre traten seine S\u00f6hne Jakob und Burkhard in das Unternehmen ein, welches fortan Jakob Frey &amp; S\u00f6hne hiess.<\/p>\n<p><strong>1952<\/strong><br \/>\nMontage und Inbetriebnahme einer neuen modernen, vertikalen Blockbands\u00e4ge vom Typ B\u00f6gli 125 mm.<\/p>\n<p><strong>1955<\/strong><br \/>\nNach dem Tode von Jakob Frey sen. kehrt Alfred Frey Jg. 1926 nach Azmoos zur\u00fcck. Der Betrieb wird durch die Erbengemeinschaft Jakob Frey Erben, S\u00e4gerei, weitergef\u00fchrt. Im Zuge einer stetigen Auftw\u00e4rtsbewegung vergr\u00f6sserte sich der Betrieb zusehends.<\/p>\n<p><strong>1963<\/strong><br \/>\nIn die Jahre 1963\/64 fiel der Erwerb des Grundst\u00fcckes von ca. 6000 m2 am heutigen Standort im Seidenbaum und der Bau eines ersten Holzschopfes.<\/p>\n<p><strong>1967<\/strong><br \/>\nErfolgte die Betriebsverlegung, welche in einem grossz\u00fcgigen Neubau verwirklicht wurde. Durch die Herstellung von Holzverpackungen f\u00fcr einen grossen Industriebetrieb konnte die Wertsch\u00f6pfung stark gesteigert werden.<\/p>\n<p><strong>1976<\/strong><br \/>\nDie Einzelfirma Alfred Frey erlischt und an deren Stelle wird die Alfred Frey AG gegr\u00fcndet.<br \/>\nAnschaffung einer neuen Hochleistungs-Doppelbes\u00e4um-Kreiss\u00e4ge vom Typ Paul KME 2.<\/p>\n<p><strong>1978<\/strong><br \/>\nMontage und Inbetriebnahme eines neuen modernen, elektronisch gesteuerten, Blockbands\u00e4genwagens vom Typ B\u00f6gli BV.<\/p>\n<p><strong>1982<\/strong><br \/>\nVergr\u00f6sserung der Lagerkapazit\u00e4ten durch eine 2. Lagerhalle.<\/p>\n<p><strong>1985<\/strong><br \/>\nVergr\u00f6sserung der Lagerkapazit\u00e4ten durch eine 3. Lagerhalle.<\/p>\n<p><strong>1990<\/strong><br \/>\nVergr\u00f6sserung durch einen Hallenanbau zur Kapazit\u00e4tserweiterung f\u00fcr die Holzverpackungen.<br \/>\nErweiterung der Zuschnittanlage.<br \/>\nInstallation einer mikroprozessorgesteuerten, rauchlosen St\u00fcckholzfeuerung vom Typ Hobag.<\/p>\n<p><strong>1996<\/strong><br \/>\nMontage und Inbetriebnahme einer neuen modernen Balz Rotor Entrindungsmaschine.<\/p>\n<p><strong>1998<\/strong><br \/>\nAufbau der Abteilung Systembau. In 9476 Weite konnte das erste Elementhaus aufgerichtet werden. Es handelt sich dabei um das erste Minergie Einfamilienhaus im Kanton St. Gallen.<\/p>\n<p><strong>2003<\/strong><br \/>\nZieht sich Alfred Frey Jg. 1926 aus dem Betrieb zur\u00fcck. Der S\u00e4gereibetrieb wird eingestellt und die Maschinen verkauft.<\/p>\n<p>Alfred Frey Jg. 1964 bietet nun folgende Dienstleistungen an.<\/p>\n<p>Holzverpackungen<br \/>\nSystembau<br \/>\nDo it yourself Massivholzmarkt<\/p>\n<p><strong>2016 &#8211; 2018<br \/>\n<\/strong>Realisierung des Gewerbepark Seidenbaum auf dem n\u00f6rdlichen Firmenareal.<\/p>\n","protected":false},"excerpt":{"rendered":"<p>ca.1880 Verl\u00e4ssliche Daten gehen bis ins Jahr 1880 zur\u00fcck. 1894 Burkhard Frey und Jakob Gauer kauften im Jahre 1894 von der Firma Jahn &amp; Zogg in Gatina, Azmoos einen kleinen S\u00e4gereibetrieb. Burkhard Frey Jg. 1857 war der Urgrossvater von Alfred Frey Jg. 1964 1926 Das Unternehmen ging 1926 an Jakob Frey Jg. 1892, Sohn des [&hellip;]<\/p>\n","protected":false},"author":1,"featured_media":0,"parent":50,"menu_order":20,"comment_status":"closed","ping_status":"closed","template":"","meta":{"ngg_post_thumbnail":0,"footnotes":""},"_links":{"self":[{"href":"https:\/\/alfred-frey.ch\/index.php?rest_route=\/wp\/v2\/pages\/46"}],"collection":[{"href":"https:\/\/alfred-frey.ch\/index.php?rest_route=\/wp\/v2\/pages"}],"about":[{"href":"https:\/\/alfred-frey.ch\/index.php?rest_route=\/wp\/v2\/types\/page"}],"author":[{"embeddable":true,"href":"https:\/\/alfred-frey.ch\/index.php?rest_route=\/wp\/v2\/users\/1"}],"replies":[{"embeddable":true,"href":"https:\/\/alfred-frey.ch\/index.php?rest_route=%2Fwp%2Fv2%2Fcomments&post=46"}],"version-history":[{"count":7,"href":"https:\/\/alfred-frey.ch\/index.php?rest_route=\/wp\/v2\/pages\/46\/revisions"}],"predecessor-version":[{"id":355,"href":"https:\/\/alfred-frey.ch\/index.php?rest_route=\/wp\/v2\/pages\/46\/revisions\/355"}],"up":[{"embeddable":true,"href":"https:\/\/alfred-frey.ch\/index.php?rest_route=\/wp\/v2\/pages\/50"}],"wp:attachment":[{"href":"https:\/\/alfred-frey.ch\/index.php?rest_route=%2Fwp%2Fv2%2Fmedia&parent=46"}],"curies":[{"name":"wp","href":"https:\/\/api.w.org\/{rel}","templated":true}]}}

<p><strong>ca.1880</strong><br />
Verlässliche Daten gehen bis ins Jahr 1880 zurück.</p>
<p><strong>1894</strong><br />
Burkhard Frey und Jakob Gauer kauften im Jahre 1894 von der Firma Jahn &amp; Zogg in Gatina, Azmoos einen kleinen Sägereibetrieb. Burkhard Frey Jg. 1857 war der Urgrossvater von Alfred Frey Jg. 1964</p>
<p><strong>1926</strong><br />
Das Unternehmen ging 1926 an Jakob Frey Jg. 1892, Sohn des Burkhard Frey als Alleininhaber über.<br />
Er betrieb eine Sägerei mit Einfachgang. Die Säge wurde mit einer Wasserturbine angetrieben, wobei die Kraft über ein Vorgelege und Riemen zur Maschine kam.<br />
Anfang der 40er Jahre traten seine Söhne Jakob und Burkhard in das Unternehmen ein, welches fortan Jakob Frey &amp; Söhne hiess.</p>
<p><strong>1952</strong><br />
Montage und Inbetriebnahme einer neuen modernen, vertikalen Blockbandsäge vom Typ Bögli 125 mm.</p>
<p><strong>1955</strong><br />
Nach dem Tode von Jakob Frey sen. kehrt Alfred Frey Jg. 1926 nach Azmoos zurück. Der Betrieb wird durch die Erbengemeinschaft Jakob Frey Erben, Sägerei, weitergeführt. Im Zuge einer stetigen Auftwärtsbewegung vergrösserte sich der Betrieb zusehends.</p>
<p><strong>1963</strong><br />
In die Jahre 1963/64 fiel der Erwerb des Grundstückes von ca. 6000 m2 am heutigen Standort im Seidenbaum und der Bau eines ersten Holzschopfes.</p>
<p><strong>1967</strong><br />
Erfolgte die Betriebsverlegung, welche in einem grosszügigen Neubau verwirklicht wurde. Durch die Herstellung von Holzverpackungen für einen grossen Industriebetrieb konnte die Wertschöpfung stark gesteigert werden.</p>
<p><strong>1976</strong><br />
Die Einzelfirma Alfred Frey erlischt und an deren Stelle wird die Alfred Frey AG gegründet.<br />
Anschaffung einer neuen Hochleistungs-Doppelbesäum-Kreissäge vom Typ Paul KME 2.</p>
<p><strong>1978</strong><br />
Montage und Inbetriebnahme eines neuen modernen, elektronisch gesteuerten, Blockbandsägenwagens vom Typ Bögli BV.</p>
<p><strong>1982</strong><br />
Vergrösserung der Lagerkapazitäten durch eine 2. Lagerhalle.</p>
<p><strong>1985</strong><br />
Vergrösserung der Lagerkapazitäten durch eine 3. Lagerhalle.</p>
<p><strong>1990</strong><br />
Vergrösserung durch einen Hallenanbau zur Kapazitätserweiterung für die Holzverpackungen.<br />
Erweiterung der Zuschnittanlage.<br />
Installation einer mikroprozessorgesteuerten, rauchlosen Stückholzfeuerung vom Typ Hobag.</p>
<p><strong>1996</strong><br />
Montage und Inbetriebnahme einer neuen modernen Balz Rotor Entrindungsmaschine.</p>
<p><strong>1998</strong><br />
Aufbau der Abteilung Systembau. In 9476 Weite konnte das erste Elementhaus aufgerichtet werden. Es handelt sich dabei um das erste Minergie Einfamilienhaus im Kanton St. Gallen.</p>
<p><strong>2003</strong><br />
Zieht sich Alfred Frey Jg. 1926 aus dem Betrieb zurück. Der Sägereibetrieb wird eingestellt und die Maschinen verkauft.</p>
<p>Alfred Frey Jg. 1964 bietet nun folgende Dienstleistungen an.</p>
<p>Holzverpackungen<br />
Systembau<br />
Do it yourself Massivholzmarkt</p>
<p><strong>2016 &#8211; 2018<br />
</strong>Realisierung des Gewerbepark Seidenbaum auf dem nördlichen Firmenareal.</p>

<p>ca.1880 Verlässliche Daten gehen bis ins Jahr 1880 zurück. 1894 Burkhard Frey und Jakob Gauer kauften im Jahre 1894 von der Firma Jahn &amp; Zogg in Gatina, Azmoos einen kleinen Sägereibetrieb. Burkhard Frey Jg. 1857 war der Urgrossvater von Alfred Frey Jg. 1964 1926 Das Unternehmen ging 1926 an Jakob Frey Jg. 1892, Sohn des [&hellip;]</p>
