{"id":442,"date":"2019-01-18T08:41:38","date_gmt":"2019-01-18T06:41:38","guid":{"rendered":"http:\/\/www.alfred-frey.ch\/wordpress\/?page_id=442"},"modified":"2019-02-05T00:28:48","modified_gmt":"2019-02-04T22:28:48","slug":"2013-sanierung-efh-9435-heerbrugg","status":"publish","type":"page","link":"https:\/\/alfred-frey.ch\/?page_id=442","title":{"rendered":"2013   Sanierung EFH, 9435 Heerbrugg"},"content":{"rendered":"<p>Objekt:&nbsp;&nbsp; Energetische Sanierung EFH, Karl V\u00f6lkerstrasse 36, 9435 Heerbrugg<br \/>\nAusgef\u00fchrte Arbeiten:&nbsp;&nbsp; Energetische Sanierung Aussenwand, Anbau Holzelementbau \u00fcber 2 Stockwerke, inkl. Fachplanung<br \/>\nBauherrschaft:&nbsp;&nbsp; Familie Corinna &amp; Marcel F\u00fcrer<\/p>\n<!-- default-view.php -->\n<div\n\tclass=\"ngg-galleryoverview default-view \"\n\tid=\"ngg-gallery-ba1896f4a04c7933bc776bfc38d4be5b-1\">\n\n\t\t<!-- Thumbnails -->\n\t\t\t\t<div id=\"ngg-image-0\" class=\"ngg-gallery-thumbnail-box \" >\n\t\t\t\t        <div class=\"ngg-gallery-thumbnail\">\n            <a href=\"https:\/\/alfred-frey.ch\/wp-content\/gallery\/2013-fuerer-heerbrugg\/P1050108.JPG\"\n               title=\"\"\n               data-src=\"https:\/\/alfred-frey.ch\/wp-content\/gallery\/2013-fuerer-heerbrugg\/P1050108.JPG\"\n               data-thumbnail=\"https:\/\/alfred-frey.ch\/wp-content\/gallery\/2013-fuerer-heerbrugg\/thumbs\/thumbs_P1050108.JPG\"\n               data-image-id=\"157\"\n               data-title=\"P1050108\"\n               data-description=\"\"\n               data-image-slug=\"p1050108\"\n               class=\"ngg-simplelightbox\" rel=\"ba1896f4a04c7933bc776bfc38d4be5b\">\n                <img\n                    title=\"P1050108\"\n                    alt=\"P1050108\"\n                    src=\"https:\/\/alfred-frey.ch\/wp-content\/gallery\/2013-fuerer-heerbrugg\/thumbs\/thumbs_P1050108.JPG\"\n                    width=\"200\"\n                    height=\"150\"\n                    style=\"max-width:100%;\"\n                \/>\n            <\/a>\n        <\/div>\n\t\t\t\t\t\t\t<\/div> \n\t\t\t\n\t\t\t\t<div id=\"ngg-image-1\" class=\"ngg-gallery-thumbnail-box \" >\n\t\t\t\t        <div class=\"ngg-gallery-thumbnail\">\n            <a href=\"https:\/\/alfred-frey.ch\/wp-content\/gallery\/2013-fuerer-heerbrugg\/P1050126.JPG\"\n               title=\"\"\n               data-src=\"https:\/\/alfred-frey.ch\/wp-content\/gallery\/2013-fuerer-heerbrugg\/P1050126.JPG\"\n               data-thumbnail=\"https:\/\/alfred-frey.ch\/wp-content\/gallery\/2013-fuerer-heerbrugg\/thumbs\/thumbs_P1050126.JPG\"\n               data-image-id=\"158\"\n               data-title=\"P1050126\"\n               data-description=\"\"\n               data-image-slug=\"p1050126\"\n               class=\"ngg-simplelightbox\" rel=\"ba1896f4a04c7933bc776bfc38d4be5b\">\n                <img\n                    title=\"P1050126\"\n                    alt=\"P1050126\"\n                    src=\"https:\/\/alfred-frey.ch\/wp-content\/gallery\/2013-fuerer-heerbrugg\/thumbs\/thumbs_P1050126.JPG\"\n                    width=\"200\"\n                    height=\"150\"\n                    style=\"max-width:100%;\"\n                \/>\n            <\/a>\n        <\/div>\n\t\t\t\t\t\t\t<\/div> \n\t\t\t\n\t\t\t\t<div id=\"ngg-image-2\" class=\"ngg-gallery-thumbnail-box \" >\n\t\t\t\t        <div class=\"ngg-gallery-thumbnail\">\n            <a href=\"https:\/\/alfred-frey.ch\/wp-content\/gallery\/2013-fuerer-heerbrugg\/P1050157.JPG\"\n               title=\"\"\n               data-src=\"https:\/\/alfred-frey.ch\/wp-content\/gallery\/2013-fuerer-heerbrugg\/P1050157.JPG\"\n               data-thumbnail=\"https:\/\/alfred-frey.ch\/wp-content\/gallery\/2013-fuerer-heerbrugg\/thumbs\/thumbs_P1050157.JPG\"\n               data-image-id=\"159\"\n               data-title=\"P1050157\"\n               data-description=\"\"\n               data-image-slug=\"p1050157\"\n               class=\"ngg-simplelightbox\" rel=\"ba1896f4a04c7933bc776bfc38d4be5b\">\n                <img\n                    title=\"P1050157\"\n                    alt=\"P1050157\"\n                    src=\"https:\/\/alfred-frey.ch\/wp-content\/gallery\/2013-fuerer-heerbrugg\/thumbs\/thumbs_P1050157.JPG\"\n                    width=\"200\"\n                    height=\"150\"\n                    style=\"max-width:100%;\"\n                \/>\n            <\/a>\n        <\/div>\n\t\t\t\t\t\t\t<\/div> \n\t\t\t\n\t\t\t\t<div id=\"ngg-image-3\" class=\"ngg-gallery-thumbnail-box \" >\n\t\t\t\t        <div class=\"ngg-gallery-thumbnail\">\n            <a href=\"https:\/\/alfred-frey.ch\/wp-content\/gallery\/2013-fuerer-heerbrugg\/P1050310.JPG\"\n               title=\"\"\n               data-src=\"https:\/\/alfred-frey.ch\/wp-content\/gallery\/2013-fuerer-heerbrugg\/P1050310.JPG\"\n               data-thumbnail=\"https:\/\/alfred-frey.ch\/wp-content\/gallery\/2013-fuerer-heerbrugg\/thumbs\/thumbs_P1050310.JPG\"\n               data-image-id=\"160\"\n               data-title=\"P1050310\"\n               data-description=\"\"\n               data-image-slug=\"p1050310\"\n               class=\"ngg-simplelightbox\" rel=\"ba1896f4a04c7933bc776bfc38d4be5b\">\n                <img\n                    title=\"P1050310\"\n                    alt=\"P1050310\"\n                    src=\"https:\/\/alfred-frey.ch\/wp-content\/gallery\/2013-fuerer-heerbrugg\/thumbs\/thumbs_P1050310.JPG\"\n                    width=\"200\"\n                    height=\"150\"\n                    style=\"max-width:100%;\"\n                \/>\n            <\/a>\n        <\/div>\n\t\t\t\t\t\t\t<\/div> \n\t\t\t\n\t\t\t\t<div id=\"ngg-image-4\" class=\"ngg-gallery-thumbnail-box \" >\n\t\t\t\t        <div class=\"ngg-gallery-thumbnail\">\n            <a href=\"https:\/\/alfred-frey.ch\/wp-content\/gallery\/2013-fuerer-heerbrugg\/P1050446.JPG\"\n               title=\"\"\n               data-src=\"https:\/\/alfred-frey.ch\/wp-content\/gallery\/2013-fuerer-heerbrugg\/P1050446.JPG\"\n               data-thumbnail=\"https:\/\/alfred-frey.ch\/wp-content\/gallery\/2013-fuerer-heerbrugg\/thumbs\/thumbs_P1050446.JPG\"\n               data-image-id=\"161\"\n               data-title=\"P1050446\"\n               data-description=\"\"\n               data-image-slug=\"p1050446\"\n               class=\"ngg-simplelightbox\" rel=\"ba1896f4a04c7933bc776bfc38d4be5b\">\n                <img\n                    title=\"P1050446\"\n                    alt=\"P1050446\"\n                    src=\"https:\/\/alfred-frey.ch\/wp-content\/gallery\/2013-fuerer-heerbrugg\/thumbs\/thumbs_P1050446.JPG\"\n                    width=\"200\"\n                    height=\"150\"\n                    style=\"max-width:100%;\"\n                \/>\n            <\/a>\n        <\/div>\n\t\t\t\t\t\t\t<\/div> \n\t\t\t\n\t\t\t\t<div id=\"ngg-image-5\" class=\"ngg-gallery-thumbnail-box \" >\n\t\t\t\t        <div class=\"ngg-gallery-thumbnail\">\n            <a href=\"https:\/\/alfred-frey.ch\/wp-content\/gallery\/2013-fuerer-heerbrugg\/P1060207.JPG\"\n               title=\"\"\n               data-src=\"https:\/\/alfred-frey.ch\/wp-content\/gallery\/2013-fuerer-heerbrugg\/P1060207.JPG\"\n               data-thumbnail=\"https:\/\/alfred-frey.ch\/wp-content\/gallery\/2013-fuerer-heerbrugg\/thumbs\/thumbs_P1060207.JPG\"\n               data-image-id=\"162\"\n               data-title=\"P1060207\"\n               data-description=\"\"\n               data-image-slug=\"p1060207\"\n               class=\"ngg-simplelightbox\" rel=\"ba1896f4a04c7933bc776bfc38d4be5b\">\n                <img\n                    title=\"P1060207\"\n                    alt=\"P1060207\"\n                    src=\"https:\/\/alfred-frey.ch\/wp-content\/gallery\/2013-fuerer-heerbrugg\/thumbs\/thumbs_P1060207.JPG\"\n                    width=\"200\"\n                    height=\"150\"\n                    style=\"max-width:100%;\"\n                \/>\n            <\/a>\n        <\/div>\n\t\t\t\t\t\t\t<\/div> \n\t\t\t\n\t\n\t<br style=\"clear: both\" \/>\n\n\t\n\t\t<!-- Pagination -->\n\t<div class='ngg-clear'><\/div>\t<\/div>\n\n","protected":false},"excerpt":{"rendered":"<p>Objekt:&nbsp;&nbsp; Energetische Sanierung EFH, Karl V\u00f6lkerstrasse 36, 9435 Heerbrugg Ausgef\u00fchrte Arbeiten:&nbsp;&nbsp; Energetische Sanierung Aussenwand, Anbau Holzelementbau \u00fcber 2 Stockwerke, inkl. Fachplanung Bauherrschaft:&nbsp;&nbsp; Familie Corinna &amp; Marcel F\u00fcrer<\/p>\n","protected":false},"author":2,"featured_media":0,"parent":267,"menu_order":960,"comment_status":"closed","ping_status":"closed","template":"","meta":{"ngg_post_thumbnail":0,"footnotes":""},"_links":{"self":[{"href":"https:\/\/alfred-frey.ch\/index.php?rest_route=\/wp\/v2\/pages\/442"}],"collection":[{"href":"https:\/\/alfred-frey.ch\/index.php?rest_route=\/wp\/v2\/pages"}],"about":[{"href":"https:\/\/alfred-frey.ch\/index.php?rest_route=\/wp\/v2\/types\/page"}],"author":[{"embeddable":true,"href":"https:\/\/alfred-frey.ch\/index.php?rest_route=\/wp\/v2\/users\/2"}],"replies":[{"embeddable":true,"href":"https:\/\/alfred-frey.ch\/index.php?rest_route=%2Fwp%2Fv2%2Fcomments&post=442"}],"version-history":[{"count":6,"href":"https:\/\/alfred-frey.ch\/index.php?rest_route=\/wp\/v2\/pages\/442\/revisions"}],"predecessor-version":[{"id":690,"href":"https:\/\/alfred-frey.ch\/index.php?rest_route=\/wp\/v2\/pages\/442\/revisions\/690"}],"up":[{"embeddable":true,"href":"https:\/\/alfred-frey.ch\/index.php?rest_route=\/wp\/v2\/pages\/267"}],"wp:attachment":[{"href":"https:\/\/alfred-frey.ch\/index.php?rest_route=%2Fwp%2Fv2%2Fmedia&parent=442"}],"curies":[{"name":"wp","href":"https:\/\/api.w.org\/{rel}","templated":true}]}}